7?
51204
Convert 13344 (base 5) to base 12.
777
What is -9ae7 (base 15) in base 7?
-164515
Convert -176512 (base 8) to base 15.
-1432c
Convert 57 (base 15) to base 13.
64
Convert -1021 (base 8) to base 6.
-2241
-2a8 (base 15) to base 16
-260
-b35 (base 15) to base 6
-15405
Convert 25077 (base 9) to base 14.
61c9
What is -11110101110 (base 2) in base 3?
-2200211
What is 2012200 (base 3) in base 13?
96c
What is 1468 (base 11) in base 6?
12425
What is -4763 (base 8) in base 13?
-120c
6070 (base 12) to base 16
28d4
2530 (base 7) to base 3
1022021
Convert 49b (base 14) to base 16.
399
Convert 122 (base 13) to base 7.
401
Convert 15008 (base 11) to base 6.
242344
Convert 5110 (base 7) to base 9.
2377
What is -14a (base 16) in base 14?
-198
20332 (base 5) to base 6
10114
Convert -13451 (base 6) to base 7.
-6115
Convert 420010 (base 6) to base 3.
1201020020
Convert 16162 (base 9) to base 11.
8356
-4025 (base 6) to base 4
-31301
280 (base 10) to base 2
100011000
-1403 (base 8) to base 7
-2151
Convert -1020 (base 5) to base 11.
-113
What is 4094 (base 16) in base 5?
1012112
-101606 (base 7) to base 8
-42052
What is 22bb (base 14) in base 15?
1bd0
Convert -32332 (base 4) to base 3.
-1022111
What is 382 (base 12) in base 2?
1000010010
What is 134632 (base 7) in base 4?
12101203
Convert 105241 (base 6) to base 10.
8953
Convert -16372 (base 8) to base 11.
-5634
Convert 101101011001 (base 2) to base 7.
11320
Convert -b125 (base 14) to base 16.
-76cd
What is 4201 (base 7) in base 5?
21341
-66422 (base 8) to base 10
-27922
Convert -12101 (base 13) to base 10.
-33125
-81b (base 15) to base 14
-946
12100322 (base 4) to base 3
1022012022
b4 (base 15) to base 4
2221
Convert -141b (base 15) to base 13.
-1c5b
What is -23410 (base 5) in base 11?
-1333
What is -120201 (base 3) in base 5?
-3144
Convert -44040 (base 7) to base 15.
-33d9
-8258 (base 12) to base 11
-a721
Convert 10bb (base 12) to base 14.
979
-159a (base 14) to base 9
-5258
Convert -10010111111 (base 2) to base 12.
-853
What is 196 (base 14) in base 15?
16d
What is 54b (base 13) in base 3?
1020122
Convert 8310 (base 11) to base 7.
44064
What is -1303303 (base 4) in base 6?
-54151
-158 (base 9) to base 7
-251
What is 32000 (base 4) in base 2?
1110000000
-2568 (base 11) to base 16
-d0d
Convert 111111 (base 3) to base 4.
11230
Convert 7ca (base 15) to base 10.
1765
-2345 (base 13) to base 15
-1708
What is -11202 (base 4) in base 6?
-1350
What is 30301 (base 4) in base 9?
1107
Convert 4ab6 (base 12) to base 16.
212a
What is -1193 (base 10) in base 8?
-2251
What is 46533 (base 10) in base 9?
70743
What is 3132212 (base 4) in base 11?
a781
-3718 (base 9) to base 16
-ad3
What is 93b (base 13) in base 12?
aab
Convert 1198 (base 11) to base 7.
4355
Convert 44632 (base 8) to base 3.
221211212
-130a (base 11) to base 4
-122220
-16400 (base 7) to base 12
-283b
Convert -3c36 (base 13) to base 14.
-322c
Convert -72 (base 11) to base 9.
-87
Convert -3584 (base 9) to base 3.
-10122211
-594 (base 11) to base 7
-2031
-2b2c (base 16) to base 10
-11052
What is -11121 (base 7) in base 10?
-2808
Convert -50 (base 7) to base 13.
-29
What is -112022102 (base 3) in base 2?
-10100011000001
Convert -32867 (base 9) to base 4.
-11111122
1 (base 10) to base 2
1
Convert 9598 (base 14) to base 7.
135151
What is -547 (base 13) in base 12?
-634
What is 36056 (base 8) in base 3?
210010121
-311200 (base 5) to base 14
-39cb
What is -66 (base 12) in base 3?
-2220
-307 (base 11) to base 8
-562
What is 321 (base 7) in base 16?
a2
What is -110001 (base 3) in base 4?
-11011
Convert 881 (base 10) to base 7.
2366
43a1 (base 12) to base 4
1310221
-40bb (base 15) to base 6
-143152
What is -121 (base 11) in base 10?
-144
What is -311203 (base 4) in base 11?
-2636
Convert -5570 (base 14) to base 3.
-202022002
Convert 6624 (base 8) to base 12.
2018
Convert -319 (base 11) to base 10.
-383
Convert -1320020 (base 4) to base 13.
-3665
What is -1153 (base 7) in base 15?
-1da
Convert -102200 (base 4) to base 3.
-1121212
What is 142 (base 10) in base 4?
2032
Convert 106167 (base 8) to base 7.
206560
-fe0 (base 16) to base 5
-112224
433311 (base 6) to base 4
20232223
What is 3221 (base 4) in base 9?
278
What is 21340 (base 6) in base 5?
43230
Convert -11111010101 (base 2) to base 12.
-11b1
Convert 1aa (base 15) to base 2.
110000001
533125 (base 6) to base 9
65558
Convert -2013 (base 7) to base 9.
-853
Convert -101000010 (base 2) to base 3.
-102221
Convert 342 (base 6) to base 9.
158
-155005 (base 7) to base 3
-1112212211
Convert 61717 (base 9) to base 4.
21323212
Convert 1389 (base 12) to base 7.
6414
Convert 10001010001 (base 2) to base 15.
4da
-1867 (base 10) to base 5
-24432
69c7 (base 14) to base 15
56bd
-13211 (base 8) to base 4
-1122021
471 (base 11) to base 10
562
1011001011 (base 2) to base 9
874
What is -1100203 (base 4) in base 3?
-21001221
Convert 215553 (base 7) to base 2.
1001010001111101
Convert -20105 (base 6) to base 3.
-10121112
-358 (base 14) to base 7
-1641
Convert 1264 (base 13) to base 3.
10120221
What is a33 (base 12) in base 3?
2000210
-3543 (base 6) to base 2
-1101010111
5132 (base 9) to base 5
110010
What is -6590 (base 10) in base 14?
-258a
What is -276 (base 13) in base 5?
-3220
What is -2013202 (base 4) in base 12?
-502a
26176 (base 8) to base 16
2c7e
-2278 (base 14) to base 10
-5986
What is 15580 (base 9) in base 8?
24673
What is -f64 (base 16) in base 15?
-127a
Convert 4b7 (base 13) to base 3.
1010121
Convert -4162 (base 7) to base 3.
-2000021
-153 (base 14) to base 3
-100222
10646 (base 7) to base 5
41404
Convert -45 (base 11) to base 8.
-61
What is 1308 (base 13) in base 11?
2046
-2513 (base 6) to base 9
-760
Convert 10383 (base 10) to base 7.
42162
Convert -11012211 (base 3) to base 9.
-4184
c09 (base 13) to base 15
90c
-230 (base 10) to base 4
-3212
Convert 103230 (base 6) to base 14.
3162
-706 (base 10) to base 9
-864
What is -13333020 (base 4) in base 8?
-77710
2544 (base 7) to base 13
591
28a0 (base 11) to base 13
1919
5db (base 14) to base 7
3264
What is -52367 (base 9) in base 16?
-8707
-1b1 (base 15) to base 11
-326
Convert 7671 (base 14) to base 13.
9428
-1212 (base 7) to base 6
-2030
Convert 33 (base 13) to base 15.
2c
What is 110 (base 9) in base 6?
230
Convert -20232 (base 5) to base 4.
-110211
Convert 81 (base 15) to base 16.
79
What is -11618 (base 9) in base 8?
-17161
Convert -375 (base 10) to base 9.
-456
What is c5e (base 16) in base 7?
12142
13536 (base 13) to base 11
25096
-139 (base 10) to base 5
-1024
2101 (base 9) to base 8
3004
What is 2 (base 4) in base 5?
2
What is 6a5 (base 15) in base 9?
2052
Convert -7ca (base 14) to base 12.
-a92
Convert 2786 (base 15) to base 3.
102121000
Convert 423 (base 10) to base 4.
12213
Convert -13a51 (base 11) to base 15.
-5d6a
Convert 465 (base 14) to base 12.
609
Convert 24155 (base 6) to base 7.
13166
What is 2221001 (base 3) in base 6?
13514
What is -10827 (base 10) in base 14?
-3d35
aa (base 13) to base 2
10001100
-112021 (base 5) to base 15
-12c6
847 (base 10) to base 13
502
What is -4360 (base 7) in base 2?
-11000011001
Convert -10883 (base 11) to base 2.
-11110101010100
Convert 7cc (base 15) to base 10.
1767
323 (base 15) to base 4
23010
Convert 102221112 (base 4) to base 15.
17969
What is -323213 (base 5) in base 9?
-16146
What is -e7ec (base 15) in base 7?
-262665
-31352 (base 7) to base 10
-7730
What is -250 (base 6) in base 2?
-1100110
Convert -6979 (base 11) to base 5.
-243121
What is -18549 (base 12) in base 7?
-205011
-22aa (base 15) to base 9
-11077
What is -2221 (base 8) in base 2?
-10010010001
-4250 (base 7) to base 13
-8ba
102010 (base 6) to base 9
12236
What is -1c1 (base 15) in base 16?
-196
384 (base 10) to base 2
110000000
What is 10453 (base 8) in base 7?
15546
-11132321 (base 4) to base 6
-251545
What is 4aa (base 14) in base 15?
424
What is -94 (base 16) in base 9?
-174
-301 (base 15) to base 5
-10201
1210 (base 4) to base 9
121
What is -121 (base 7) in base 14?
-48
Convert 1011101001 (base 2) to base 16.
2e9
1001220 (base 3) to base 12
550
What is 3923 (base 11) in base 3?
21000011
1110011011 (base 3) to base 16
6f7f
What is -2050 (base 9) in base 12?
-a53
-20121001 (base 3) to base 7
-20005
32130 (base 5) to base 10
2165
What is -1cc (base 14)